{"id":162,"date":"2016-09-29T11:18:52","date_gmt":"2016-09-29T09:18:52","guid":{"rendered":"http:\/\/aaccea-photo.org\/WP3\/?page_id=162"},"modified":"2019-03-20T10:46:55","modified_gmt":"2019-03-20T09:46:55","slug":"formation","status":"publish","type":"page","link":"https:\/\/aaccea-photo.org\/WP3\/formation\/","title":{"rendered":"Formations"},"content":{"rendered":"<h4><img loading=\"lazy\" decoding=\"async\" class=\"alignleft\" src=\"http:\/\/www.ercii.fr\/jzw3d\/images\/images\/formation\/formation_pro.jpg\" alt=\"\" width=\"212\" height=\"234\" \/><em><strong><br \/>\n<span style=\"text-decoration: underline;\">Des cours photos<\/span> sur demande<\/strong><\/em> sont possibles tout au long de l&rsquo;ann\u00e9e.<\/h4>\n<p style=\"text-align: center;\">Inscription obligatoire par <a href=\"mailto:xavier.coppolani@cea.fr\">mail \u00e0 Xavier <\/a>avec le nom du (des) cours qui vous int\u00e9resse.<\/p>\n<p style=\"text-align: center;\">Une fois la date du cours fix\u00e9e celle-ci sera mise en ligne sur <a href=\"http:\/\/aaccea-photo.org\/WP3\/agenda\/\">l&rsquo;agenda du club.<br \/>\n<\/a><\/p>\n<h1><span style=\"text-decoration: underline;\">Liste des cours propos\u00e9s :<\/span><\/h1>\n<h1><em><u><img loading=\"lazy\" decoding=\"async\" class=\"wp-image-2000 size-full aligncenter\" src=\"http:\/\/aaccea-photo.org\/WP3\/wp-content\/uploads\/2016\/09\/Formation_1.png\" alt=\"formation_1\" width=\"114\" height=\"106\" \/><\/u><\/em><\/h1>\n<h2 style=\"text-align: center;\"><em><u>Premier pas, d\u00e9couverte<\/u><\/em><\/h2>\n<ul>\n<li>\n<h4><strong>Bases de la photographie (R\u00e9gis)<br \/>\n<\/strong><\/h4>\n<p>R\u00e9glages de bases, composition d&rsquo;images.<\/li>\n<li>\n<h4><strong>Utilisation de votre appareil (Claude)<br \/>\n<\/strong><\/h4>\n<p>Explications ouverture, temps de pose, mise au point, focal etc \u2026<\/li>\n<li>\n<h4><strong>Utilisation du flash, et photo studio (Suresh)<\/strong><\/h4>\n<p>Int\u00e9r\u00eat de l&rsquo;utilisation d&rsquo;un flash, ces r\u00e9glages sp\u00e9cifiques<\/li>\n<\/ul>\n<p><strong><img loading=\"lazy\" decoding=\"async\" class=\"size-full wp-image-2003 aligncenter\" src=\"http:\/\/aaccea-photo.org\/WP3\/wp-content\/uploads\/2016\/09\/Formation_2.png\" alt=\"formation_2\" width=\"91\" height=\"88\" \/><\/strong><\/p>\n<h2 style=\"text-align: center;\"><em><u>Valorisation des photos<\/u><\/em><\/h2>\n<ul>\n<li>\n<h4><strong>Utilisation de logiciel de retouche d&rsquo;image (R\u00e9gis)<br \/>\n<\/strong><\/h4>\n<p>D\u00e9monstration de logiciel de retouche d&rsquo;image .JPG gratuit (Picasa) ou payant (photoshop).<\/li>\n<li>\n<h4><strong>Utilisation de Lightroom 5 (Philippe)<br \/>\n<\/strong><\/h4>\n<p>Les bases \/ le traitement RAW<strong> \/<\/strong> Mise en forme Web et impression.<\/li>\n<li>\n<h4><strong>Cr\u00e9ation d&rsquo;un livre photo (R\u00e9gis)<\/strong><\/h4>\n<p>Comparaison livre Fuji et CEWE et d\u00e9monstration du logiciel Fuji.<\/li>\n<\/ul>\n<h2><em><u><img loading=\"lazy\" decoding=\"async\" class=\"size-full wp-image-2002 aligncenter\" src=\"http:\/\/aaccea-photo.org\/WP3\/wp-content\/uploads\/2016\/09\/Formation_3.jpg\" alt=\"formation_3\" width=\"123\" height=\"108\" \/><\/u><\/em><\/h2>\n<h2 style=\"text-align: center;\">\u00a0<em><u>Perfectionnement, Sp\u00e9cialisation<\/u><\/em><\/h2>\n<ul>\n<li style=\"list-style-type: none;\">\n<ul>\n<li>\n<h4><strong><strong>Photos de voyage Truc et Astuces\u00a0 (Sigrid)<\/strong><\/strong><\/h4>\n<p>Comment photographier un paysage, des sites &#8230;<\/li>\n<li>\n<h4><strong><strong>Introduction \u00e0 la photo animali\u00e8res (Louis)<\/strong><\/strong><\/h4>\n<p>Tout sur les techniques, trucs et astuces pour photographier un animal en pleine nature<\/li>\n<li>\n<h4><strong><strong>Photographier en meeting A\u00e9rien (R\u00e9gis)<\/strong><\/strong><\/h4>\n<p>Photographier un avion en plein vol, \u00e0 h\u00e9lice ou \u00e0 r\u00e9action demande certaines connaissances.<\/li>\n<li>\n<h4><strong><strong>Utilisation d&rsquo;un objectif \u00e0 d\u00e9centrement (Claude)<\/strong><\/strong><\/h4>\n<p>Objectif tr\u00e8s particulier utilis\u00e9 dans le domaine de l&rsquo;architecture et pour les paysages.<\/li>\n<\/ul>\n<\/li>\n<\/ul>\n<ul>\n<li style=\"text-align: left;\">\n<h4><strong>Comment r\u00e9aliser un st\u00e9nop\u00e9 (Alain)<br \/>\n<\/strong><\/h4>\n<p>Technique tr\u00e8s original pour prendre une photo avec une boite<\/li>\n<\/ul>\n<h2 style=\"text-align: center;\"><strong><em>Si un cours vous int\u00e9resse<br \/>\nenvoyez un <a href=\"mailto:xavier.coppolani@cea.fr\">mail \u00e0 Xavier <\/a>avec le nom de celle-ci.<br \/>\n<\/em><\/strong><\/h2>\n","protected":false},"excerpt":{"rendered":"<p>Des cours photos sur demande sont possibles tout au long de l&rsquo;ann\u00e9e. Inscription obligatoire par mail \u00e0 Xavier avec le nom du (des) cours qui vous int\u00e9resse. Une fois la date du cours fix\u00e9e celle-ci sera mise en ligne sur l&rsquo;agenda du club. Liste des cours propos\u00e9s : Premier pas, d\u00e9couverte Bases de la photographie&hellip;<\/p>\n","protected":false},"author":4,"featured_media":0,"parent":0,"menu_order":3,"comment_status":"closed","ping_status":"open","template":"","meta":{"footnotes":""},"_links":{"self":[{"href":"https:\/\/aaccea-photo.org\/WP3\/wp-json\/wp\/v2\/pages\/162"}],"collection":[{"href":"https:\/\/aaccea-photo.org\/WP3\/wp-json\/wp\/v2\/pages"}],"about":[{"href":"https:\/\/aaccea-photo.org\/WP3\/wp-json\/wp\/v2\/types\/page"}],"author":[{"embeddable":true,"href":"https:\/\/aaccea-photo.org\/WP3\/wp-json\/wp\/v2\/users\/4"}],"replies":[{"embeddable":true,"href":"https:\/\/aaccea-photo.org\/WP3\/wp-json\/wp\/v2\/comments?post=162"}],"version-history":[{"count":74,"href":"https:\/\/aaccea-photo.org\/WP3\/wp-json\/wp\/v2\/pages\/162\/revisions"}],"predecessor-version":[{"id":2499,"href":"https:\/\/aaccea-photo.org\/WP3\/wp-json\/wp\/v2\/pages\/162\/revisions\/2499"}],"wp:attachment":[{"href":"https:\/\/aaccea-photo.org\/WP3\/wp-json\/wp\/v2\/media?parent=162"}],"curies":[{"name":"wp","href":"https:\/\/api.w.org\/{rel}","templated":true}]}}